{"id":71,"date":"2013-10-25T09:00:24","date_gmt":"2013-10-25T07:00:24","guid":{"rendered":"http:\/\/filmer.vernawahlshausen.de\/?page_id=71"},"modified":"2021-04-21T21:20:22","modified_gmt":"2021-04-21T19:20:22","slug":"partyzelt","status":"publish","type":"page","link":"https:\/\/wordpress.vernawahlshausen.de\/filmer\/unsere-zelte\/partyzelt\/","title":{"rendered":"Partyzelt"},"content":{"rendered":"<p><img decoding=\"async\" class=\"alignright\" src=\"http:\/\/www.party-im-zelt.de\/img\/partyzelt.jpg\" alt=\"Partyzelt\" width=\"NaN\" height=\"60\" \/><\/p>\n<h2><span style=\"font-size: large\">Technische Daten:<\/span><\/h2>\n<table border=\"0\">\n<tbody>\n<tr>\n<td>\n<ul>\n<li>Spannweite: 800cm<\/li>\n<li>Seitenh\u00f6he: 229cm<\/li>\n<li>Firsth\u00f6he: 374cm<\/li>\n<li>Dachneigung: 20 Grad<\/li>\n<\/ul>\n<\/td>\n<td>\n<ul>\n<li>Binderabstand\/Raster: 300cm<\/li>\n<li>Giebeleinteilung: 1 Giebelst\u00fctze<\/li>\n<li>L\u00e4ngstes Bauteil: 430cm<\/li>\n<\/ul>\n<\/td>\n<\/tr>\n<tr>\n<td>\n<ul>\n<li>Hauptprofil: 81 * 48 * 3mm<\/li>\n<li>Minimale Aufstell\u00e4nge: 600cm<\/li>\n<li>Maximale Aufstell\u00e4nge: im Rasterma\u00df beliebig erweiterbar<\/li>\n<\/ul>\n<\/td>\n<td>Do you wish to experience bright behavior, check out <a href=\"https:\/\/e-passiongames.com\">online casino in australia<\/a><\/p>\n<ul>\n<li>Eckverbindungen: Stielriegel<\/li>\n<li>Optional: Holzfu\u00dfboden mit Stahlunterbau<\/li>\n<\/ul>\n<\/td>\n<\/tr>\n<tr>\n<td>\n<h4><span style=\"font-size: large\"><strong>Draufsicht:<br \/>\n<a href=\"http:\/\/www.party-im-zelt.de\/img\/partyzelt_giebelansicht.jpg\" target=\"_blank\" rel=\"noopener\"><img loading=\"lazy\" decoding=\"async\" src=\"http:\/\/www.party-im-zelt.de\/img\/partyzelt_giebelansicht_preview.jpg\" alt=\"Partyzelt, Giebelansicht\" width=\"226\" height=\"90\" border=\"0\" \/><\/a><\/strong><\/span><\/h4>\n<\/td>\n<td>\n<h4><span style=\"font-size: large\"><strong>Draufsicht:<br \/>\n<a href=\"http:\/\/www.party-im-zelt.de\/img\/partyzelt_draufsicht.jpg\" target=\"_blank\" rel=\"noopener\"><img loading=\"lazy\" decoding=\"async\" src=\"http:\/\/www.party-im-zelt.de\/img\/partyzelt_draufsicht_preview.jpg\" alt=\"Partyzelt, Draufsicht\" width=\"226\" height=\"90\" border=\"0\" \/><\/a><\/strong><\/span><\/h4>\n<\/td>\n<\/tr>\n<\/tbody>\n<\/table>\n<p><p>Invalid Displayed Gallery<\/p><\/p>\n","protected":false},"excerpt":{"rendered":"<p>Technische Daten: Spannweite: 800cm Seitenh\u00f6he: 229cm Firsth\u00f6he: 374cm Dachneigung: 20 Grad Binderabstand\/Raster: 300cm Giebeleinteilung: 1 Giebelst\u00fctze L\u00e4ngstes Bauteil: 430cm Hauptprofil: 81 * 48 * 3mm Minimale Aufstell\u00e4nge: 600cm Maximale Aufstell\u00e4nge:&hellip; <\/p>\n","protected":false},"author":2,"featured_media":0,"parent":47,"menu_order":0,"comment_status":"closed","ping_status":"open","template":"","meta":{"_crdt_document":"","ngg_post_thumbnail":0,"footnotes":""},"class_list":["post-71","page","type-page","status-publish","hentry"],"_links":{"self":[{"href":"https:\/\/wordpress.vernawahlshausen.de\/filmer\/wp-json\/wp\/v2\/pages\/71","targetHints":{"allow":["GET"]}}],"collection":[{"href":"https:\/\/wordpress.vernawahlshausen.de\/filmer\/wp-json\/wp\/v2\/pages"}],"about":[{"href":"https:\/\/wordpress.vernawahlshausen.de\/filmer\/wp-json\/wp\/v2\/types\/page"}],"author":[{"embeddable":true,"href":"https:\/\/wordpress.vernawahlshausen.de\/filmer\/wp-json\/wp\/v2\/users\/2"}],"replies":[{"embeddable":true,"href":"https:\/\/wordpress.vernawahlshausen.de\/filmer\/wp-json\/wp\/v2\/comments?post=71"}],"version-history":[{"count":10,"href":"https:\/\/wordpress.vernawahlshausen.de\/filmer\/wp-json\/wp\/v2\/pages\/71\/revisions"}],"predecessor-version":[{"id":795,"href":"https:\/\/wordpress.vernawahlshausen.de\/filmer\/wp-json\/wp\/v2\/pages\/71\/revisions\/795"}],"up":[{"embeddable":true,"href":"https:\/\/wordpress.vernawahlshausen.de\/filmer\/wp-json\/wp\/v2\/pages\/47"}],"wp:attachment":[{"href":"https:\/\/wordpress.vernawahlshausen.de\/filmer\/wp-json\/wp\/v2\/media?parent=71"}],"curies":[{"name":"wp","href":"https:\/\/api.w.org\/{rel}","templated":true}]}}